s 56 (base 12) in base 16?
42
Convert 10030 (base 5) to base 12.
454
Convert -2818 (base 10) to base 3.
-10212101
Convert 2021211 (base 3) to base 12.
b71
What is -100110100110000 (base 2) in base 9?
-30085
What is 2a52 (base 13) in base 16?
1807
373 (base 10) to base 12
271
What is 32130 (base 5) in base 15?
995
What is -16c (base 15) in base 4?
-11013
What is 1222102 (base 3) in base 10?
1442
-3c8 (base 13) to base 9
-825
Convert 1111110001 (base 2) to base 12.
701
Convert 14160 (base 7) to base 16.
f18
52354 (base 8) to base 2
101010011101100
Convert -1831 (base 12) to base 8.
-5545
What is -21202 (base 3) in base 10?
-209
2196 (base 14) to base 7
22646
Convert 20923 (base 10) to base 15.
62ed
10010100110 (base 2) to base 12
832
What is 1a0 (base 15) in base 2?
101110111
aa6a (base 11) to base 8
34404
214 (base 13) to base 12
257
What is 31012 (base 8) in base 5?
402220
What is -21823 (base 9) in base 5?
-431040
What is -25037 (base 10) in base 6?
-311525
What is -179 (base 10) in base 2?
-10110011
Convert -100011010110000 (base 2) to base 4.
-10122300
What is 1032 (base 10) in base 9?
1366
-101000 (base 3) to base 12
-1a6
-44405 (base 6) to base 2
-1100000110101
-12020110 (base 3) to base 7
-14064
140 (base 6) to base 11
55
Convert bb11 (base 13) to base 6.
320320
4078 (base 11) to base 14
1d85
Convert -20257 (base 9) to base 3.
-200021221
-901 (base 11) to base 10
-1090
Convert -4a1a (base 13) to base 3.
-112101221
What is 1a5 (base 15) in base 10?
380
What is 32131113 (base 4) in base 5?
3343343
Convert 140210 (base 5) to base 8.
13060
What is 5c40 (base 14) in base 9?
24110
What is 876 (base 15) in base 11?
1488
1103 (base 6) to base 10
255
Convert 442 (base 8) to base 4.
10202
-39563 (base 10) to base 15
-bac8
-335104 (base 6) to base 12
-14494
What is 35007 (base 8) in base 13?
69b9
214 (base 7) to base 6
301
589 (base 10) to base 4
21031
Convert -100101011001001 (base 2) to base 15.
-5a15
What is 110120011 (base 3) in base 5?
243112
What is 3a4 (base 14) in base 2?
1011011100
1048 (base 10) to base 8
2030
What is -41063 (base 8) in base 3?
-212020200
Convert 109a (base 11) to base 9.
1870
1001010100101011 (base 2) to base 9
57340
What is 104146 (base 8) in base 4?
20201212
What is 1215100 (base 6) in base 11?
44606
-1000010111000010 (base 2) to base 10
-34242
439b (base 13) to base 11
7097
Convert 2280 (base 9) to base 12.
b90
What is -233 (base 4) in base 9?
-52
What is -342220 (base 5) in base 4?
-2332121
-15b9 (base 12) to base 5
-40324
What is 815 (base 11) in base 9?
1313
What is 27211 (base 10) in base 16?
6a4b
2202441 (base 5) to base 15
b34b
-1021001 (base 3) to base 7
-2452
Convert -500 (base 9) to base 7.
-1116
Convert 4789 (base 13) to base 10.
10084
What is 11201013 (base 4) in base 3?
1011000000
Convert 1035 (base 7) to base 13.
225
21001100 (base 3) to base 11
3952
What is -34bd (base 14) in base 5?
-243213
3430 (base 8) to base 12
1074
Convert -41 (base 16) to base 8.
-101
-3244 (base 7) to base 12
-807
What is 219 (base 16) in base 15?
25c
Convert -220 (base 12) to base 15.
-15c
-2791 (base 11) to base 7
-13344
-227 (base 15) to base 13
-2b6
Convert 38a7a (base 12) to base 7.
442066
What is 3913 (base 11) in base 3?
20222202
What is 3031 (base 9) in base 3?
10001001
-121001 (base 3) to base 14
-22d
What is -895 (base 14) in base 4?
-122203
What is 15 (base 7) in base 15?
c
What is 7645 (base 11) in base 9?
14753
What is -133560 (base 8) in base 10?
-46960
-a59 (base 11) to base 13
-770
What is 24aa (base 11) in base 8?
6302
-401 (base 7) to base 16
-c5
101001001001010 (base 2) to base 8
51112
What is -507 (base 16) in base 2?
-10100000111
43052 (base 6) to base 3
22001012
5a9 (base 13) to base 9
1313
Convert 69486 (base 10) to base 7.
406404
1011101011 (base 2) to base 7
2115
What is -4118 (base 12) in base 14?
-2816
What is 444 (base 12) in base 6?
2524
-15c0 (base 15) to base 10
-4680
Convert -10001112222 (base 3) to base 12.
-2a9b2
Convert -2244 (base 5) to base 9.
-400
Convert -155 (base 7) to base 15.
-5e
What is 1474 (base 14) in base 5?
104010
Convert -56 (base 13) to base 7.
-131
Convert -4ef (base 16) to base 5.
-20023
262 (base 9) to base 16
da
What is 14014 (base 5) in base 7?
3210
Convert -10fd (base 16) to base 8.
-10375
Convert 30343 (base 5) to base 15.
8b8
What is 61 (base 10) in base 15?
41
Convert -871a (base 11) to base 16.
-2cfc
What is 1225110 (base 6) in base 5?
4102142
What is 4662 (base 13) in base 16?
269a
-13234 (base 6) to base 9
-2714
What is 37787 (base 11) in base 10?
54182
Convert -42404 (base 5) to base 11.
-2165
What is -2241 (base 5) in base 8?
-501
-47589 (base 11) to base 3
-10111002010
Convert -1132131 (base 4) to base 5.
-143140
Convert 611 (base 7) to base 14.
178
Convert 35600 (base 7) to base 5.
243322
What is 1013214 (base 5) in base 13?
7795
3764 (base 9) to base 15
c77
Convert -102210011 (base 3) to base 13.
-3baa
Convert -21b8 (base 13) to base 3.
-20110121
What is 40322 (base 5) in base 15?
b77
What is -11000011100101 (base 2) in base 12?
-72b1
-1515 (base 7) to base 16
-258
What is 25a6 (base 11) in base 4?
310313
What is -200120 (base 3) in base 11?
-416
Convert -365454 (base 7) to base 10.
-66777
313432 (base 5) to base 11
7979
What is -70c (base 16) in base 9?
-2424
-1011111111111 (base 2) to base 7
-23624
-11231233 (base 4) to base 12
-11667
Convert a69 (base 11) to base 4.
110011
-2302 (base 8) to base 11
-a08
Convert 2331 (base 4) to base 6.
513
What is -6c48 (base 15) in base 16?
-59ea
What is 19984 (base 12) in base 14?
da3a
Convert 1359 (base 15) to base 9.
5603
What is -436 (base 9) in base 15?
-18c
What is 210 (base 7) in base 9?
126
What is 294b (base 16) in base 13?
4a72
What is 60 (base 15) in base 12?
76
What is 13122 (base 5) in base 6?
4445
63 (base 8) to base 11
47
What is -e2e4 (base 16) in base 8?
-161344
What is -13033112 (base 4) in base 13?
-10661
375 (base 11) to base 5
3240
What is -200 (base 9) in base 8?
-242
What is -311 (base 12) in base 14?
-23b
3c95 (base 16) to base 3
210021102
5e51 (base 15) to base 16
4e85
Convert 455 (base 10) to base 7.
1220
What is -4012402 (base 5) in base 9?
-106060
What is -bbab (base 14) in base 11?
-22458
Convert 11974 (base 10) to base 9.
17374
What is 11022 (base 10) in base 16?
2b0e
-1325 (base 13) to base 16
-aaf
Convert -660 (base 7) to base 3.
-110110
Convert -1200012 (base 3) to base 9.
-1605
Convert 35647 (base 9) to base 11.
16a19
-13133 (base 5) to base 14
-547
What is 5451 (base 9) in base 11?
3020
Convert -423 (base 11) to base 10.
-509
Convert -405b (base 13) to base 6.
-105012
Convert 10120002 (base 3) to base 5.
40334
Convert -251144 (base 6) to base 2.
-101011100101000
What is 13c56 (base 13) in base 4?
21012003
Convert 13013301 (base 4) to base 7.
151020
582 (base 11) to base 5
10240
What is -111111000111101 (base 2) in base 7?
-163135
Convert -362 (base 14) to base 9.
-828
1101100010000 (base 2) to base 3
100111121
Convert -13023 (base 6) to base 10.
-1959
3003 (base 4) to base 7
366
What is 69 (base 12) in base 13?
63
-42b2 (base 13) to base 3
-110201101
What is 458 (base 10) in base 6?
2042
Convert 22011100 (base 3) to base 15.
1b69
Convert -27fb (base 16) to base 14.
-3a31
What is -370c (base 15) in base 8?
-26700
What is 671 (base 15) in base 9?
1887
-1229 (base 14) to base 10
-3173
What is -10100110110110001 (base 2) in base 4?
-110312301
What is 1672 (base 11) in base 10?
2136
33b (base 13) to base 14
2bb
d82 (base 14) to base 16
a66
Convert -14493 (base 12) to base 7.
-145416
What is -1319 (base 13) in base 3?
-10201222
Convert -131301 (base 4) to base 2.
-11101110001
37046 (base 8) to base 14
5b26
What is 1020232 (base 4) in base 10?
4654
Convert 23005 (base 9) to base 11.
10562
What is 1223 (base 9) in base 13?
552
What is -3185 (base 9) in base 10?
-2345
Convert -83c8 (base 14) to base 8.
-54274
100011000001 (base 2) to base 5
32431
What is -cb0 (base 13) in base 12?
-130b
Convert 49 (base 13) to base 8.
75
-373b (base 12) to base 15
-1cae
Convert -20c4 (base 16) to base 8.
-20304
What is 1b0ab (base 14) in base 16?
10c8f
4b1 (base 15) to base 13
640
-11e (base 16) to base 5
-2121
Convert 15b9 (base 12) to base 8.
5035
What is 474 (base 8) in base 10?
316
Convert 12112 (base 3) to 